{"id":2,"date":"2023-03-15T20:46:07","date_gmt":"2023-03-15T23:46:07","guid":{"rendered":"https:\/\/deltaresidencial.com.br\/?page_id=2"},"modified":"2023-03-16T08:31:41","modified_gmt":"2023-03-16T11:31:41","slug":"home","status":"publish","type":"page","link":"https:\/\/deltaresidencial.com.br\/","title":{"rendered":""},"content":{"rendered":"\n<p>Bem-vindo \u00e0 Delta Residencial, sua escolha n\u00famero um em im\u00f3veis de alta qualidade e conforto. N\u00f3s somos uma empresa dedicada a oferecer aos nossos clientes as melhores op\u00e7\u00f5es em im\u00f3veis residenciais, sejam eles apartamentos ou casas.<\/p>\n\n\n\n<p>Nossa equipe altamente qualificada trabalha incansavelmente para garantir que todos os nossos im\u00f3veis estejam em perfeitas condi\u00e7\u00f5es para a sua chegada. Al\u00e9m disso, nos certificamos de que todos os nossos clientes tenham uma experi\u00eancia \u00fanica e satisfat\u00f3ria durante todo o processo de loca\u00e7\u00e3o ou compra.<\/p>\n\n\n\n<p>Com a Delta Residencial, voc\u00ea pode ter certeza de que ter\u00e1 um lar confort\u00e1vel e seguro, com tudo o que precisa para viver bem. N\u00f3s temos uma ampla variedade de im\u00f3veis em diferentes bairros e localiza\u00e7\u00f5es, para atender \u00e0s suas necessidades espec\u00edficas.<\/p>\n\n\n\n<p>N\u00e3o importa se voc\u00ea est\u00e1 procurando um apartamento para uma pessoa ou uma casa espa\u00e7osa para toda a fam\u00edlia, estamos aqui para ajudar. Oferecemos op\u00e7\u00f5es em todos os tamanhos, estilos e pre\u00e7os, para que voc\u00ea possa encontrar exatamente o que procura.<\/p>\n\n\n\n<p>N\u00e3o perca mais tempo procurando por a\u00ed, entre em contato com a Delta Residencial agora mesmo e comece a desfrutar de um novo estilo de vida. Estamos ansiosos para ajud\u00e1-lo a encontrar o im\u00f3vel dos seus sonhos.<\/p>\n","protected":false},"excerpt":{"rendered":"<p>Bem-vindo \u00e0 Delta Residencial, sua escolha n\u00famero um em im\u00f3veis de alta qualidade e conforto. N\u00f3s somos uma empresa dedicada a oferecer aos nossos clientes as melhores op\u00e7\u00f5es em im\u00f3veis residenciais, sejam eles apartamentos ou casas. Nossa equipe altamente qualificada trabalha incansavelmente para garantir que todos os nossos im\u00f3veis estejam em perfeitas condi\u00e7\u00f5es para a [&hellip;]<\/p>\n","protected":false},"author":1,"featured_media":0,"parent":0,"menu_order":0,"comment_status":"closed","ping_status":"closed","template":"","meta":{"footnotes":""},"class_list":["post-2","page","type-page","status-publish","hentry"],"_links":{"self":[{"href":"https:\/\/deltaresidencial.com.br\/index.php\/wp-json\/wp\/v2\/pages\/2","targetHints":{"allow":["GET"]}}],"collection":[{"href":"https:\/\/deltaresidencial.com.br\/index.php\/wp-json\/wp\/v2\/pages"}],"about":[{"href":"https:\/\/deltaresidencial.com.br\/index.php\/wp-json\/wp\/v2\/types\/page"}],"author":[{"embeddable":true,"href":"https:\/\/deltaresidencial.com.br\/index.php\/wp-json\/wp\/v2\/users\/1"}],"replies":[{"embeddable":true,"href":"https:\/\/deltaresidencial.com.br\/index.php\/wp-json\/wp\/v2\/comments?post=2"}],"version-history":[{"count":1,"href":"https:\/\/deltaresidencial.com.br\/index.php\/wp-json\/wp\/v2\/pages\/2\/revisions"}],"predecessor-version":[{"id":46,"href":"https:\/\/deltaresidencial.com.br\/index.php\/wp-json\/wp\/v2\/pages\/2\/revisions\/46"}],"wp:attachment":[{"href":"https:\/\/deltaresidencial.com.br\/index.php\/wp-json\/wp\/v2\/media?parent=2"}],"curies":[{"name":"wp","href":"https:\/\/api.w.org\/{rel}","templated":true}]}}